 (base 14) to base 9
-5
-4 (base 7) to base 5
-4
-5 (base 16) to base 11
-5
What is -4 (base 5) in base 14?
-4
Convert -2 (base 12) to base 2.
-10
What is 0 (base 6) in base 10?
0
Convert 10000 (base 2) to base 10.
16
Convert -41 (base 6) to base 15.
-1a
Convert -3 (base 9) to base 2.
-11
Convert -3c (base 15) to base 6.
-133
Convert 121 (base 5) to base 16.
24
What is -3 (base 11) in base 2?
-11
What is -35 (base 10) in base 2?
-100011
Convert -1 (base 14) to base 3.
-1
What is 128 (base 9) in base 12?
8b
Convert 1 (base 8) to base 9.
1
What is 1 (base 2) in base 14?
1
-a (base 15) to base 13
-a
Convert -4 (base 7) to base 16.
-4
1011 (base 2) to base 6
15
-21 (base 3) to base 12
-7
What is 317 (base 8) in base 7?
414
What is -2c (base 13) in base 5?
-123
What is 8 (base 13) in base 10?
8
Convert -c (base 14) to base 8.
-14
Convert f (base 16) to base 7.
21
Convert 221 (base 3) to base 9.
27
What is 125 (base 6) in base 9?
58
What is -2 (base 12) in base 15?
-2
Convert -19 (base 11) to base 13.
-17
Convert -4 (base 5) to base 11.
-4
Convert a (base 15) to base 9.
11
Convert 2 (base 3) to base 10.
2
What is -77 (base 13) in base 7?
-200
What is 101 (base 2) in base 11?
5
What is 0 (base 16) in base 3?
0
-ba (base 16) to base 12
-136
What is -3 (base 15) in base 5?
-3
Convert -11 (base 4) to base 12.
-5
176 (base 11) to base 5
1304
What is -4 (base 8) in base 5?
-4
Convert 138 (base 15) to base 5.
2103
What is 10b (base 15) in base 13?
152
What is 221 (base 3) in base 14?
1b
Convert -3 (base 9) to base 14.
-3
What is 13 (base 11) in base 6?
22
13 (base 9) to base 8
14
Convert -60 (base 11) to base 9.
-73
-19 (base 11) to base 12
-18
Convert 2 (base 7) to base 15.
2
-4 (base 8) to base 16
-4
-22 (base 8) to base 4
-102
-42 (base 9) to base 13
-2c
What is -2 (base 7) in base 10?
-2
What is 139 (base 11) in base 9?
201
56 (base 9) to base 12
43
What is -340 (base 5) in base 16?
-5f
0 (base 5) to base 6
0
-261 (base 7) to base 8
-215
Convert 62 (base 10) to base 14.
46
What is 1201 (base 3) in base 8?
56
What is -1 (base 7) in base 4?
-1
What is 2 (base 14) in base 8?
2
12110 (base 3) to base 11
124
-4 (base 9) to base 14
-4
What is 440 (base 6) in base 11?
143
What is 33 (base 5) in base 8?
22
Convert -7 (base 10) to base 6.
-11
-103 (base 4) to base 9
-21
-5 (base 7) to base 3
-12
Convert -14 (base 7) to base 13.
-b
Convert 3 (base 4) to base 14.
3
-20 (base 5) to base 7
-13
Convert -523 (base 6) to base 11.
-168
Convert b9 (base 12) to base 6.
353
What is -3 (base 9) in base 2?
-11
What is 2 (base 9) in base 15?
2
119 (base 11) to base 7
261
0 (base 5) to base 11
0
What is -16 (base 8) in base 2?
-1110
3 (base 7) to base 2
11
Convert -300 (base 4) to base 7.
-66
What is -26 (base 8) in base 15?
-17
b1 (base 16) to base 11
151
6 (base 7) to base 3
20
-102 (base 3) to base 5
-21
What is 10 (base 5) in base 8?
5
2 (base 10) to base 13
2
1000111 (base 2) to base 5
241
What is -7 (base 10) in base 14?
-7
What is -50 (base 7) in base 2?
-100011
What is -3 (base 5) in base 14?
-3
Convert -f (base 16) to base 13.
-12
-25 (base 7) to base 10
-19
What is 10 (base 16) in base 3?
121
Convert 0 (base 13) to base 12.
0
112 (base 3) to base 14
10
Convert -12 (base 8) to base 13.
-a
What is -4 (base 15) in base 10?
-4
What is 1 (base 14) in base 12?
1
4 (base 13) to base 12
4
Convert 10000 (base 2) to base 3.
121
Convert -31 (base 14) to base 3.
-1121
What is 2 (base 12) in base 13?
2
What is -e3 (base 15) in base 7?
-423
-5 (base 6) to base 7
-5
Convert 18 (base 13) to base 7.
30
What is -55 (base 6) in base 15?
-25
-5 (base 15) to base 5
-10
What is 8 (base 16) in base 7?
11
What is -5 (base 8) in base 15?
-5
What is 20 (base 4) in base 7?
11
Convert a (base 11) to base 16.
a
Convert -6 (base 8) to base 15.
-6
Convert 1 (base 5) to base 3.
1
What is 21110 (base 3) in base 10?
201
-2 (base 14) to base 4
-2
Convert 1100001 (base 2) to base 12.
81
5 (base 7) to base 16
5
What is 115 (base 7) in base 8?
75
What is 1111 (base 2) in base 4?
33
2d (base 16) to base 9
50
Convert 5 (base 9) to base 10.
5
Convert 13 (base 9) to base 16.
c
34 (base 10) to base 16
22
Convert -423 (base 5) to base 6.
-305
What is 31 (base 12) in base 7?
52
Convert 1131 (base 4) to base 14.
69
-8 (base 16) to base 15
-8
8 (base 12) to base 5
13
Convert -2 (base 16) to base 13.
-2
What is -1 (base 8) in base 9?
-1
What is 0 (base 14) in base 6?
0
What is -3 (base 9) in base 11?
-3
What is -19 (base 16) in base 2?
-11001
What is 100 (base 3) in base 16?
9
1101011 (base 2) to base 9
128
Convert -6 (base 12) to base 10.
-6
-4 (base 11) to base 7
-4
What is 4 (base 13) in base 8?
4
Convert 1c (base 13) to base 11.
23
What is 11011 (base 2) in base 15?
1c
-5 (base 13) to base 11
-5
Convert 442 (base 6) to base 14.
c2
-14 (base 11) to base 6
-23
-33 (base 4) to base 10
-15
-2 (base 6) to base 4
-2
What is -17 (base 8) in base 15?
-10
Convert 2a (base 14) to base 13.
2c
5 (base 9) to base 16
5
Convert -230 (base 5) to base 16.
-41
a (base 12) to base 10
10
Convert 6 (base 9) to base 8.
6
Convert 1 (base 2) to base 4.
1
Convert 1011110 (base 2) to base 14.
6a
-133 (base 10) to base 15
-8d
20a (base 11) to base 8
374
-2b (base 12) to base 7
-50
What is b (base 16) in base 8?
13
20 (base 14) to base 13
22
What is -3 (base 14) in base 11?
-3
What is -6 (base 7) in base 12?
-6
Convert -100 (base 3) to base 2.
-1001
-554 (base 6) to base 15
-e4
What is 3f (base 16) in base 8?
77
Convert -2 (base 7) to base 5.
-2
-2 (base 7) to base 9
-2
-15 (base 13) to base 9
-20
-110 (base 3) to base 14
-c
-1 (base 11) to base 10
-1
Convert -102222 (base 3) to base 9.
-388
Convert 12 (base 8) to base 12.
a
141 (base 10) to base 16
8d
Convert 3c (base 14) to base 7.
105
15 (base 10) to base 3
120
-11101 (base 3) to base 2
-1110110
-11 (base 5) to base 11
-6
Convert 6 (base 8) to base 6.
10
Convert 100 (base 10) to base 3.
10201
-3 (base 15) to base 10
-3
1 (base 10) to base 3
1
What is -d6 (base 15) in base 12?
-149
Convert -20 (base 3) to base 16.
-6
-21 (base 13) to base 6
-43
Convert -1 (base 15) to base 7.
-1
Convert 333 (base 5) to base 3.
10110
Convert 0 (base 2) to base 4.
0
-12202 (base 3) to base 5
-1110
Convert -10 (base 6) to base 3.
-20
Convert -1 (base 5) to base 6.
-1
-a (base 11) to base 10
-10
Convert -11 (base 3) to base 13.
-4
Convert 10 (base 10) to base 15.
a
Convert -162 (base 8) to base 3.
-11020
What is 47 (base 9) in base 2?
101011
Convert a (base 15) to base 14.
a
Convert -101 (base 6) to base 4.
-211
-4 (base 6) to base 15
-4
1022 (base 3) to base 15
25
What is -110001 (base 2) in base 14?
-37
Convert -7 (base 15) to base 12.
-7
What is f (base 16) in base 2?
1111
Convert 10 (base 4) to base 2.
100
248 (base 9) to base 4
3032
What is 10 (base 10) in base 15?
a
What is 3b (base 16) in base 10?
59
What is 78 (base 12) in base 7?
161
Convert 2 (base 13) to base 6.
2
12 (base 12) to base 9
15
What is 101 (base 4) in base 15?
12
645 (base 7) to base 13
1c2
-2 (base 11) to base 8
-2
What is 2a (base 12) in base 7?
46
1 (base 14) to base 3
1
-5 (base 12) to base 13
-5
What is 10 (base 2) in base 4?
2
What is 14 (base 6) in base 2?
1010
-2 (base 12) to base 3
-2
Convert -18 (base 12) to base 3.
-202
8 (base 11) to base 15
8
2 (base 6) to base 10
2
-1 (base 6) to base 15
-1
-11 (base 4) to base 9
-5
10100 (base 3) to base 11
82
Convert c2 (base 15) to base 2.
10110110
Convert 1110 (base 3) to base 13.
30
11 (base 5) to base 15
6
Convert 10200 (base 3) to base 12.
83
-206 (base 9) to base 16
-a8
What is -1 (base 9) in base 3?
-1
Convert -3 (base 4) to base 9.
-3
What is 3 (base 11) in base 13?
3
What is 54 (base 11) in base 4?
323
What is -1112 (base 4) in base 7?
-152
15 (base 15) to base 14
16
What is -153 (base 6) in base 14?
-4d
Convert -212 (base 6) to base 7.
-143
What is 51 (base 8) in base 7?
56
What is -3 (base 9) in base 7?
-3
Convert -2 (base 4) to base 16.
-2
What is 1230 (base 4) in base 14?
7a
3 (base 11) to base 5
3
4c (base 16) to base 3
2211
Convert -23 (base 4) to base 16.
-b
What is 1 (base 3) in base 12?
1
Convert 4 (base 15) to base 4.
10
-30 (base 4) to base 14
-c
What is -2 (base 3) in base 7?
-2
What is -9 (base 13) in base 7?
-12
4 (base 12) to base 3
11
What is 33 (base 7)